 12
5a6354
Convert -5716773 (base 8) to base 11.
-967955
What is 373042 (base 8) in base 12?
62482
What is -615023 (base 8) in base 12?
-99783
1202210101022 (base 3) to base 5
220100223
Convert 3c (base 15) to base 5.
212
10000100010 (base 2) to base 11
882
Convert -10100100100100010000010 (base 2) to base 14.
-a052b8
Convert 77821 (base 9) to base 4.
30213301
122321312002 (base 4) to base 11
3a87862
-100755 (base 13) to base 2
-1011010111101000010
Convert -1777839 (base 10) to base 8.
-6620257
Convert b0b3bd (base 15) to base 5.
4122003403
-58393 (base 12) to base 14
-3103d
What is -958 (base 13) in base 8?
-3072
What is 20201211112211 (base 3) in base 2?
1101101001110010110101
1ab4a (base 13) to base 2
1100110011100100
What is -d08dba (base 14) in base 3?
-111012110122210
Convert 218492 (base 10) to base 13.
785b1
-130023203 (base 4) to base 11
-797a4
What is -d856e (base 16) in base 3?
-1200000112111
Convert -1100100011111011110100 (base 2) to base 16.
-323ef4
Convert -812e (base 15) to base 13.
-c548
What is -106052 (base 11) in base 9?
-276852
-3520063 (base 7) to base 2
-1101011110111100101
What is 324619 (base 10) in base 12?
137a37
Convert 5cdb (base 16) to base 9.
35542
-21021101111 (base 3) to base 8
-427477
-21330441 (base 5) to base 14
-4aad0
Convert -21202200201 (base 3) to base 15.
-30461
Convert 6eaa06 (base 15) to base 8.
24161416
-ddb80 (base 14) to base 9
-1008083
2033410 (base 6) to base 7
555465
Convert 78434 (base 13) to base 14.
59754
3320213 (base 5) to base 14
16d94
What is -1c32455 (base 14) in base 16?
-d739bb
Convert 5230102 (base 6) to base 5.
31042013
Convert b2b9c0 (base 15) to base 11.
48814a0
What is 66804 (base 9) in base 8?
126550
752564 (base 8) to base 15
4e6a2
What is 4d76b (base 16) in base 11?
1a7427
29c22 (base 14) to base 15
20bc5
What is 285185 (base 13) in base 8?
3576501
-1a5a52 (base 12) to base 4
-1301312132
What is 369d44 (base 15) in base 9?
4825381
What is 132465 (base 9) in base 16?
13abd
1b1c9 (base 14) to base 8
206555
Convert -3bbd4 (base 14) to base 4.
-210010332
Convert 10012001001211 (base 3) to base 8.
6353514
Convert 312412311 (base 5) to base 9.
2383002
What is 1100001011211 (base 3) in base 9?
1301154
What is 4a466 (base 11) in base 14?
1c578
Convert 1122112023 (base 4) to base 8.
1322613
What is 15344134 (base 6) in base 12?
22204a
What is 1031600 (base 8) in base 13?
98421
What is -ded9 (base 15) in base 12?
-233b9
Convert -454424 (base 8) to base 3.
-21211002010
What is -9674 (base 10) in base 13?
-4532
Convert -5674008 (base 10) to base 13.
-1238802
-154133 (base 7) to base 9
-45448
What is -2021002000 (base 3) in base 2?
-1010110111101011
What is -11100010100011000111 (base 2) in base 11?
-5841a5
Convert -1286b8 (base 14) to base 11.
-3a6331
Convert -219b617 (base 12) to base 10.
-6427315
-622946 (base 10) to base 16
-98162
Convert -4a308 (base 11) to base 12.
-35985
1733a5a (base 11) to base 3
12112210001020
Convert -12304021 (base 6) to base 4.
-1201002031
What is 244552 (base 7) in base 12?
21b74
-14048404 (base 9) to base 2
-11010011110100111010001
What is -2311035 (base 6) in base 11?
-80872
Convert 630230 (base 9) to base 3.
201000021000
682662 (base 10) to base 15
d740c
What is 10332113112 (base 4) in base 10?
1304022
What is -570a (base 16) in base 6?
-251054
-11001000000111001111 (base 2) to base 12
-336413
What is 2708c (base 14) in base 8?
273644
What is 4492 (base 12) in base 5?
220343
-100100111200 (base 3) to base 10
-184077
1210121200010 (base 3) to base 5
221110222
Convert 3aaa1 (base 11) to base 7.
332466
Convert -603404 (base 7) to base 13.
-375c8
What is 10011100100100001 (base 2) in base 4?
103210201
Convert -27077 (base 11) to base 4.
-21130123
Convert 4286a5 (base 13) to base 11.
9768a9
-bae3e (base 16) to base 7
-6335533
-113200233 (base 4) to base 9
-156083
What is -5353561 (base 8) in base 5?
-331301114
-12558452 (base 9) to base 13
-1384c88
What is 11011110001001110 (base 2) in base 12?
559a6
What is 714993 (base 10) in base 15?
e1cb3
Convert d1cd4 (base 14) to base 12.
204096
3aa6393 (base 11) to base 8
33004166
What is -10001010100100001111 (base 2) in base 13?
-16b450
Convert -3223232 (base 4) to base 8.
-35356
What is 1212106 (base 9) in base 12?
2786b9
Convert 135987 (base 12) to base 16.
4e637
Convert -21011100 (base 4) to base 15.
-b050
What is -1244144221 (base 5) in base 8?
-13705051
11133020 (base 5) to base 10
99135
9c553c (base 13) to base 9
6853264
What is 1a42b4 (base 14) in base 7?
10635414
-c982 (base 13) to base 9
-42351
Convert 64376 (base 9) to base 3.
2011102120
What is -112310332 (base 4) in base 14?
-2610a
What is 143649 (base 10) in base 7?
1135542
What is e11c9 (base 15) in base 12?
2a4423
What is 17313207 (base 8) in base 10?
4036231
What is 1556256 (base 8) in base 16?
6dcae
What is -2bb50b (base 13) in base 8?
-4100664
-3102301 (base 4) to base 10
-13489
-100100212200 (base 3) to base 14
-4b279
-10970a5 (base 11) to base 6
-104555214
Convert -101102110202221 (base 3) to base 13.
-11bc960
-5a0e7 (base 16) to base 14
-985dd
What is -211210010212222 (base 3) in base 6?
-1111302555
2021021210022 (base 3) to base 11
754384
Convert -17c1e9 (base 16) to base 14.
-2c75a1
What is -45772640 (base 8) in base 4?
-211333112200
What is -15330554 (base 6) in base 15?
-aa2d1
What is 1023220103210 (base 4) in base 13?
41520c8
6331 (base 16) to base 15
77cd
What is 20732813 (base 9) in base 11?
5710a63
Convert 946440 (base 10) to base 6.
32141400
-5520052 (base 7) to base 10
-677119
-26503322 (base 7) to base 13
-674a35
What is a69a9 (base 16) in base 8?
2464651
104357 (base 12) to base 9
430444
482a (base 11) to base 15
1d19
Convert -81a3d (base 15) to base 6.
-12445151
Convert -33130123022 (base 4) to base 10.
-4048586
What is -1a4648 (base 11) in base 3?
-120221010110
Convert 331367 (base 10) to base 12.
13b91b
Convert -31231222113 (base 4) to base 10.
-3594903
Convert 33121113 (base 4) to base 14.
18da7
What is -110002200 (base 4) in base 3?
-11011121000
What is -234344 (base 10) in base 11?
-150080
What is 100204 (base 14) in base 12?
21b578
Convert 2ea171 (base 15) to base 13.
61251a
What is -362e92 (base 15) in base 10?
-2591912
Convert -11100 (base 11) to base 6.
-202301
Convert 123000323012 (base 4) to base 9.
14283202
-111610364 (base 7) to base 8
-31763525
201153 (base 7) to base 9
51626
Convert -18cb49 (base 13) to base 12.
-263569
31434510 (base 7) to base 3
12000100210000
Convert 250cb6 (base 14) to base 8.
4660740
What is 12001102 (base 4) in base 13?
b2ba
-122311132 (base 6) to base 16
-23f9c0
2b0323 (base 13) to base 4
10002020031
What is 14043330 (base 5) in base 15?
2c82a
Convert 1122002121211 (base 3) to base 8.
3237174
44262a (base 15) to base 11
1919415
What is 917324 (base 12) in base 9?
4243601
2015427 (base 9) to base 4
10012010131
Convert -941a11 (base 15) to base 10.
-7042516
What is 14378853 (base 9) in base 2?
11011001110110000011111
Convert -110a149 (base 13) to base 7.
-62241353
Convert -28dfb (base 16) to base 6.
-3331031
Convert 31230 (base 11) to base 10.
45529
Convert -4042464 (base 9) to base 7.
-24210304
-100111010101111011 (base 2) to base 12
-7930b
Convert -110212311030 (base 4) to base 2.
-10100100110110101001100
What is 778aa5 (base 13) in base 7?
32645564
What is -20737302 (base 8) in base 13?
-bc5a8c
Convert -4a3ab (base 14) to base 11.
-114692
What is -bf08 (base 16) in base 10?
-48904
-244402546 (base 7) to base 4
-322212220003
Convert 536d9 (base 15) to base 2.
1000000101001100100
Convert -240220003 (base 5) to base 3.
-2001221122011
Convert 214a7b (base 15) to base 4.
12003001121
What is -2213114024 (base 5) in base 10?
-4816764
Convert 12122000120220 (base 3) to base 14.
57c67b
What is -1070474 (base 9) in base 3?
-1002100112111
What is -1010000111110111 (base 2) in base 16?
-a1f7
11110011011010011101010 (base 2) to base 5
4020214140
Convert -1131214232 (base 5) to base 4.
-21323003220
What is 1451200 (base 6) in base 3?
11021221200
-1220440 (base 10) to base 9
-2260114
61262 (base 10) to base 12
2b552
What is 33402c (base 14) in base 11?
a890a9
What is -112155 (base 8) in base 16?
-946d
Convert -513293 (base 11) to base 4.
-3021032221
What is 379a62 (base 16) in base 12?
127896a
1346036 (base